ighest common factor of 4 and x?
4
Let f be (4/12 - (-29)/(-6))*-12. What is the highest common factor of f and 81?
27
Let q be ((-30)/45)/(1/(-6)). Let y(g) = g**2 - 3*g + 5. Let j be y(q). Calculate the greatest common divisor of j and 3.
3
Suppose 2*u - 7*u = 0. Suppose -4*n + 87 - 35 = u. Calculate the highest common factor of 117 and n.
13
Suppose -415 = 4*c + 341. Let q = -99 - c. What is the greatest common divisor of q and 30?
30
Let v = 38 - 27. Let l = -5 + v. Suppose 0 = -5*i + 3*i + l. Calculate the greatest common factor of 21 and i.
3
Let l(r) be the third derivative of -r**4/24 + 28*r**3/3 - 3*r**2. Let t = -6 - -6. Let a be l(t). Calculate the greatest common factor of a and 14.
14
Let n = 11 - -3. Calculate the greatest common divisor of n and 7.
7
Let u be (-2 + 17)/((-3)/10). Let h be u/(-6) - (-3)/(-9). Let x(g) = 64*g. Let k be x(1). What is the greatest common factor of k and h?
8
Let w = -24 - -34. Let l = -7 + w. Calculate the highest common factor of l and 15.
3
Let u(x) = -x + 6. Let q be u(4). Let a = 4 + q. What is the highest common divisor of a and 12?
6
Let w be (-2)/(-17) - (-2880)/85. What is the highest common divisor of 85 and w?
17
Suppose 160 = 6*g + 2*g. What is the highest common factor of 50 and g?
10
Let z(c) = 10*c - 2. Let n(x) = -3*x + 1. Let b(o) = -14*n(o) - 4*z(o). Let r be b(6). Calculate the highest common divisor of r and 9.
3
Suppose 3*f = 9, 3*f - 2*f + 37 = -5*k. Let h = 14 + k. Let l = 115 + -73. What is the highest common factor of l and h?
6
Let r(b) = -3*b - 3. Let l be r(-8). What is the highest common factor of l and 147?
21
Suppose -2*j - 2*j + 300 = 0. Suppose -31 = -2*q - 1. Calculate the greatest common factor of j and q.
15
Let h be 4*(9 + -2 + -1). Suppose 56 + h = 4*w. Calculate the highest common divisor of 80 and w.
20
Let v(k) = 6*k + 27. Let n be v(13). Suppose -4*z - 5*l + 35 = -0*l, 3*z - 70 = 5*l. Calculate the greatest common factor of n and z.
15
Let d = 80 + -17. Calculate the greatest common factor of d and 21.
21
Suppose b - 5*b = -5*d + 57, b - 2 = 0. Let w = d - 0. What is the greatest common divisor of 13 and w?
13
Let z = -66 - -98. Calculate the highest common factor of 128 and z.
32
Let p be (-4)/7*7/(-2). Suppose 2*r = 2, -p*g + 2 = -r - 3*r. Let n = 6 - g. Calculate the greatest common factor of n and 9.
3
Let v be (-9)/6 + 212/8. Suppose v = 3*n - 8. Suppose f + 605 = 6*f. What is the highest common divisor of n and f?
11
Let y = 1 - -47. Let g be (18/2)/(3/2). What is the highest common divisor of g and y?
6
Suppose -20 = 5*u, -2*r + u - 23 + 539 = 0. Calculate the greatest common factor of r and 32.
32
Suppose q + 180 = 4*q. Calculate the highest common factor of 72 and q.
12
Suppose -4*j - 190 = -9*j. Suppose -3*q = 2*o - j, -q - o + 6 = -8. Calculate the greatest common factor of 90 and q.
10
Suppose -4*v + 3*v = 0. Let s = 2 - v. What is the greatest common divisor of s and 4?
2
Let b = 2 - -1. Suppose 0 = -b*y - 2*y + k - 15, -33 = 4*y - 5*k. Let n be (-82)/(-3) - y/3. Calculate the greatest common factor of 42 and n.
14
Suppose 41 = 3*m - 7. Let p = 32 + 144. Calculate the highest common factor of m and p.
16
Let k = -4 + 28. Let u = -2 - 0. Let d be (-10 + u)*1/(-2). Calculate the greatest common divisor of d and k.
6
Let v(c) = c**3 - 9*c**2 - 8*c - 10. Let b be v(10). Let i be 9/(-3)*1 + b. Suppose -i*h = -2*h - 100. What is the highest common factor of h and 50?
10
Let j = 25 + -24. Let g = 43 - j. What is the greatest common divisor of 105 and g?
21
Suppose 0 = -s - 2*s + 153. Suppose z + q = -4*q - 6, -5*z = -2*q - s. Suppose h + z = 4*h. What is the greatest common factor of h and 3?
3
Suppose -5 + 17 = 2*u. Calculate the highest common divisor of u and 3.
3
Suppose 2*d = -3*u - u + 58, -4*u + 25 = d. Calculate the highest common factor of d and 22.
11
Let o(r) = -r**2 - 23*r - 22. Let i be o(-11). Suppose 0 = 2*u - 3*v - 44, 4*u + 4*v - 75 = 13. Calculate the greatest common factor of u and i.
22
Let f be (-3 + 45/12)*4. Calculate the greatest common factor of f and 30.
3
Let l be 30 + 1 + 3/(-1). Calculate the highest common factor of 28 and l.
28
Suppose 3*t = 3*y + 327, -217 = -3*t - 4*y + 124. Suppose 4*o = w + t, -2*o + 6*w - 3*w = -63. Calculate the highest common factor of o and 18.
9
Let u = 1 - 4. Let g(o) = 3*o**2 + o + 1. Let k be g(u). Let z = 35 - k. What is the greatest common factor of z and 20?
10
Suppose 3*q + 6 = i - 0, 3*i = -4*q + 44. Let l = 10 + 8. What is the greatest common divisor of l and i?
6
Let n be -5*(-2 + (-14)/(-10)). Suppose -n*y + 25 = -2. What is the highest common divisor of y and 9?
9
Suppose 2*t + 5 = 1. Let o be (t/(-4))/((-5)/(-30)). Suppose -h = b + 3, -21 = -b + 8*h - o*h. Calculate the highest common factor of 1 and b.
1
Suppose -4*v = -4*j - 132, 0 = -v - 0*v + 3*j + 31. Calculate the highest common factor of v and 17.
17
Suppose -f - 2*c = -18 - 13, 73 = 3*f + 2*c. Let k(a) = 5*a - 6. Let p be k(4). What is the highest common factor of f and p?
7
Suppose 7 - 22 = -z. Suppose 0 = -2*t + 3*t - 150. Suppose -3*w - 2*w = -t. Calculate the greatest common divisor of z and w.
15
Let z be 2/8 - 1/4. Let q = -7 - -5. Let a = z - q. Calculate the greatest common divisor of 18 and a.
2
Let j be 90/(-27)*(-16 + 1). What is the highest common factor of 20 and j?
10
Let t = 5 + 1. Suppose -7*z = -2*z - 4*n + 70, -2*z - 28 = 3*n. Let y = z - -20. Calculate the greatest common factor of t and y.
6
Let n(s) be the first derivative of -4*s**2 + 3. Let q be n(-1). Calculate the highest common factor of q and 56.
8
Let v(c) = 7*c**2 - 4*c + 5. Let l be v(3). Let b(g) = -g + 1. Let p be b(-6). Calculate the highest common factor of l and p.
7
Let q = 36 + -2. What is the highest common factor of 306 and q?
34
Let m(l) = 4*l + 3. Let u(a) = 5*a + 4. Let q(k) = -7*m(k) + 6*u(k). Let p be q(4). Suppose -3*d + 0*d + 33 = 0. What is the greatest common factor of d and p?
11
Let w be (-2)/(-5) - 10/25. Suppose 132 = 5*g + 5*a + 17, -4*g - a + 89 = w. Calculate the highest common divisor of g and 2.
2
Let p(s) = s + 15. Let o be p(-7). What is the highest common divisor of o and 40?
8
Let o(h) = -h + 6. Let r be o(-8). Calculate the greatest common divisor of r and 126.
14
Suppose 4 + 26 = 5*y. Let o(g) = 8*g - 7 - 4*g - g**3 + 0*g + 6*g**2 + 0*g**2. Let x be o(y). What is the highest common factor of 187 and x?
17
Let i(a) = 2*a - a**2 + a**3 + a**3 + a - 3*a**2. Let u be i(2). Calculate the greatest common factor of 15 and u.
3
Suppose 4*v = 14 - 90. Let k be -1 + -4*v/1. Calculate the highest common factor of 25 and k.
25
Suppose -2*u + 5 = 1. Suppose 825 = -u*r + 7*r. Let s be (-2)/(-11) - (-1141)/77. Calculate the greatest common divisor of r and s.
15
Suppose 5 = y - 2. Suppose d = -5*w + 1643, 1 = -4*d - y. Suppose 5*z = z + h + 433, 3*z - 5*h - w = 0. Calculate the greatest common divisor of 12 and z.
12
Let w be (1*-4)/((-18)/63). Let j be 200/(-70)*w/(-4). Calculate the highest common divisor of j and 15.
5
Let l be -2019*(-2)/18 - 2/6. What is the greatest common factor of 28 and l?
28
Let r(b) = -11*b. Let o be r(-8). Calculate the highest common factor of 8 and o.
8
Suppose 5*p = 3*x + 6*p - 39, 5*x + p - 67 = 0. Calculate the highest common divisor of x and 42.
14
Suppose 4*k + 2*w - 127 = k, 2*k - 2*w - 98 = 0. Let a be (6/6)/(1/5). Calculate the highest common divisor of k and a.
5
Suppose 4*v + 3 = -5. Let c(u) = 8*u**2 + 3*u + 2. Let h be c(v). Calculate the highest common factor of h and 7.
7
Let k be 10*(-3 - 7/(-2)). Calculate the highest common factor of 25 and k.
5
Suppose -2*q - 15*q = -119. Calculate the highest common factor of q and 91.
7
Let m(j) = 8 + j**2 - 4 + 7*j + 1. Let d be m(-7). Calculate the highest common divisor of d and 20.
5
Let s = -3 - -11. Let c be 18/(6*2/s). Suppose 360 = 38*y - 32*y. Calculate the highest common factor of c and y.
12
Suppose 0 = -3*q + 4*n + 11, -q + 2*q - 5 = n. What is the highest common divisor of q and 3?
3
Let a be (6 + -8 - (-21 + -1)) + -4. What is the greatest common factor of a and 4?
4
Suppose -4 - 6 = -5*i. Suppose 2*q = 2*y + 4, -2*q - 5 = -y - 4*y. Calculate the highest common divisor of y and i.
1
Let z be (-429)/12 - (-3)/(-12). Let p = -18 